{"id":21,"date":"2024-05-11T09:36:02","date_gmt":"2024-05-11T07:36:02","guid":{"rendered":"https:\/\/nbiyebr.cluster023.hosting.ovh.net\/?page_id=21"},"modified":"2025-02-21T15:19:50","modified_gmt":"2025-02-21T14:19:50","slug":"espace-clients","status":"publish","type":"page","link":"https:\/\/datalp.fr\/index.php\/espace-clients\/","title":{"rendered":"Espace clients"},"content":{"rendered":"\t\t<div data-elementor-type=\"wp-page\" data-elementor-id=\"21\" class=\"elementor elementor-21\">\n\t\t\t\t<div class=\"elementor-element elementor-element-3b7198c7 e-flex e-con-boxed e-con e-parent\" data-id=\"3b7198c7\" data-element_type=\"container\">\n\t\t\t\t\t<div class=\"e-con-inner\">\n\t\t\t\t<div class=\"elementor-element elementor-element-ba4b016 elementor-widget elementor-widget-text-editor\" data-id=\"ba4b016\" data-element_type=\"widget\" data-widget_type=\"text-editor.default\">\n\t\t\t\t<div class=\"elementor-widget-container\">\n\t\t\t\t\t\t\t\t\t\n<p>Chez DATALP, nous sommes fiers d&rsquo;\u00eatre reconnus pour notre engagement ind\u00e9fectible envers la qualit\u00e9 de service. Nous comprenons parfaitement l&rsquo;importance de vos donn\u00e9es et nous nous engageons \u00e0 fournir des solutions qui r\u00e9pondent \u00e0 vos besoins sp\u00e9cifiques avec pr\u00e9cision et efficacit\u00e9.<\/p>\n\n\n\n<figure class=\"wp-block-image size-large\"><img fetchpriority=\"high\" decoding=\"async\" width=\"1024\" height=\"691\" src=\"https:\/\/datalp.fr\/wp-content\/uploads\/2024\/05\/shutterstock_658447357-2-1024x691.jpg\" alt=\"\" class=\"wp-image-309\" srcset=\"https:\/\/datalp.fr\/wp-content\/uploads\/2024\/05\/shutterstock_658447357-2-1024x691.jpg 1024w, https:\/\/datalp.fr\/wp-content\/uploads\/2024\/05\/shutterstock_658447357-2-300x202.jpg 300w, https:\/\/datalp.fr\/wp-content\/uploads\/2024\/05\/shutterstock_658447357-2-768x518.jpg 768w, https:\/\/datalp.fr\/wp-content\/uploads\/2024\/05\/shutterstock_658447357-2-1536x1036.jpg 1536w, https:\/\/datalp.fr\/wp-content\/uploads\/2024\/05\/shutterstock_658447357-2-2048x1382.jpg 2048w\" sizes=\"(max-width: 1024px) 100vw, 1024px\" \/><\/figure>\n\n\n\n<p><\/p>\n\n\n\n<p>Au c\u0153ur de notre travail, il y a vous, nos clients. Votre satisfaction est notre priorit\u00e9 absolue et nous nous effor\u00e7ons de construire et de maintenir des relations solides bas\u00e9es sur la confiance et le respect mutuels. Nous sommes d\u00e9termin\u00e9s \u00e0 toujours d\u00e9passer vos attentes.<\/p>\n\n\n\n<blockquote class=\"wp-block-quote is-layout-flow wp-block-quote-is-layout-flow\">\n<p>L&rsquo;esprit d&rsquo;\u00e9quipe<\/p>\n<\/blockquote>\n\n\n\n<p>Nous croyons fermement que le succ\u00e8s ne peut \u00eatre atteint qu&rsquo;en travaillant ensemble, en partageant des id\u00e9es et en mettant en commun nos ressources.<\/p>\n\n\n\n<p>Notre engagement, notre passion pour notre m\u00e9rier et notre esprit d&rsquo;\u00e9quipe sont les piliers de notre entreprise. Chez DATALP, nous nous engageons \u00e0 vous offrir un service de la plus haute qualit\u00e9, tout en maintenant une relation personnelle et proactive avec vous. Parce que votre succ\u00e8s est notre succ\u00e8s.<\/p>\n\n\n\n<p>Faites confiance \u00e0 DATALP pour vous fournir des solutions de donn\u00e9es de qualit\u00e9 sup\u00e9rieure, con\u00e7ues pour vous aider \u00e0 prendre des d\u00e9cisions \u00e9clair\u00e9es et \u00e0 conduire votre entreprise\/collectivit\u00e9 vers le succ\u00e8s. Contactez-nous d\u00e8s aujourd&rsquo;hui pour d\u00e9couvrir comment nous pouvons vous aider. Chez DATALP, nous sommes plus qu&rsquo;un fournisseur de services num\u00e9riques, nous sommes votre partenaire de confiance.<\/p>\n\n\n\n<p>Vous pouvez nous contacter via votre plateforme de saisie de tickets<\/p>\n\n\n\n<blockquote class=\"wp-block-quote is-layout-flow wp-block-quote-is-layout-flow\">\n<p>L&rsquo;esprit d&rsquo;\u00e9quipe avec nos partenaires<\/p>\n<\/blockquote>\n\n\n\n<p>La m\u00eame logique s&rsquo;applique avec nos partenaires, l&rsquo;esprit d&rsquo;\u00e9quipe et la qualit\u00e9 des relations que nous avons nou\u00e9es sont b\u00e9n\u00e9fiques pour nos clients.<\/p>\n\t\t\t\t\t\t\t\t<\/div>\n\t\t\t\t<\/div>\n\t\t\t\t\t<\/div>\n\t\t\t\t<\/div>\n\t\t<div class=\"elementor-element elementor-element-a1c6b93 e-flex e-con-boxed e-con e-parent\" data-id=\"a1c6b93\" data-element_type=\"container\">\n\t\t\t\t\t<div class=\"e-con-inner\">\n\t\t\t\t<div class=\"elementor-element elementor-element-a1d8b7c elementor-widget elementor-widget-heading\" data-id=\"a1d8b7c\" data-element_type=\"widget\" data-widget_type=\"heading.default\">\n\t\t\t\t<div class=\"elementor-widget-container\">\n\t\t\t\t\t<h2 class=\"elementor-heading-title elementor-size-default\"><div id=\"fls_login_form\" class=\"fls_login_wrapper\"><form name=\"loginform\" id=\"loginform\" action=\"https:\/\/datalp.fr\/\" method=\"post\"><p class=\"login-username\">\n\t\t\t\t<label for=\"user_login\">Username or Email Address<\/label>\n\t\t\t\t<input type=\"text\" name=\"log\" id=\"user_login\" autocomplete=\"username\" class=\"input\" value=\"\" size=\"20\" \/>\n\t\t\t<\/p><p class=\"login-password\">\n\t\t\t\t<label for=\"user_pass\">Password<\/label>\n\t\t\t\t<input type=\"password\" name=\"pwd\" id=\"user_pass\" autocomplete=\"current-password\" class=\"input\" value=\"\" size=\"20\" \/>\n\t\t\t<\/p><p class=\"login-remember\"><label><input name=\"rememberme\" type=\"checkbox\" id=\"rememberme\" value=\"forever\" checked=\"checked\" \/> Remember Me<\/label><\/p><p class=\"login-submit\">\n\t\t\t\t<input type=\"submit\" name=\"wp-submit\" id=\"wp-submit\" class=\"button button-primary\" value=\"Log In\" \/>\n\t\t\t\t<input type=\"hidden\" name=\"redirect_to\" value=\"\" \/>\n\t\t\t<\/p><\/form><\/div><\/h2>\t\t\t\t<\/div>\n\t\t\t\t<\/div>\n\t\t\t\t\t<\/div>\n\t\t\t\t<\/div>\n\t\t\t\t<\/div>\n\t\t","protected":false},"excerpt":{"rendered":"<p>Chez DATALP, nous sommes fiers d&rsquo;\u00eatre reconnus pour notre engagement ind\u00e9fectible envers la qualit\u00e9 de service. Nous comprenons parfaitement l&rsquo;importance de vos donn\u00e9es et nous nous engageons \u00e0 fournir des solutions qui r\u00e9pondent \u00e0 vos besoins sp\u00e9cifiques avec pr\u00e9cision et efficacit\u00e9. Au c\u0153ur de notre travail, il y a vous, nos clients. Votre satisfaction est [&hellip;]<\/p>\n","protected":false},"author":2,"featured_media":0,"parent":0,"menu_order":0,"comment_status":"closed","ping_status":"closed","template":"","meta":{"footnotes":""},"class_list":["post-21","page","type-page","status-publish","hentry"],"_links":{"self":[{"href":"https:\/\/datalp.fr\/index.php\/wp-json\/wp\/v2\/pages\/21","targetHints":{"allow":["GET"]}}],"collection":[{"href":"https:\/\/datalp.fr\/index.php\/wp-json\/wp\/v2\/pages"}],"about":[{"href":"https:\/\/datalp.fr\/index.php\/wp-json\/wp\/v2\/types\/page"}],"author":[{"embeddable":true,"href":"https:\/\/datalp.fr\/index.php\/wp-json\/wp\/v2\/users\/2"}],"replies":[{"embeddable":true,"href":"https:\/\/datalp.fr\/index.php\/wp-json\/wp\/v2\/comments?post=21"}],"version-history":[{"count":11,"href":"https:\/\/datalp.fr\/index.php\/wp-json\/wp\/v2\/pages\/21\/revisions"}],"predecessor-version":[{"id":721,"href":"https:\/\/datalp.fr\/index.php\/wp-json\/wp\/v2\/pages\/21\/revisions\/721"}],"wp:attachment":[{"href":"https:\/\/datalp.fr\/index.php\/wp-json\/wp\/v2\/media?parent=21"}],"curies":[{"name":"wp","href":"https:\/\/api.w.org\/{rel}","templated":true}]}}