{"id":28,"date":"2024-05-11T09:45:33","date_gmt":"2024-05-11T07:45:33","guid":{"rendered":"https:\/\/nbiyebr.cluster023.hosting.ovh.net\/?page_id=28"},"modified":"2024-05-12T21:59:07","modified_gmt":"2024-05-12T19:59:07","slug":"acceuil","status":"publish","type":"page","link":"https:\/\/datalp.fr\/index.php\/acceuil\/","title":{"rendered":"Entreprises et administrations"},"content":{"rendered":"\n<figure class=\"wp-block-image alignfull size-full\"><img fetchpriority=\"high\" decoding=\"async\" width=\"950\" height=\"632\" src=\"https:\/\/datalp.fr\/wp-content\/uploads\/2024\/05\/Mairie.png\" alt=\"\" class=\"wp-image-201\" srcset=\"https:\/\/datalp.fr\/wp-content\/uploads\/2024\/05\/Mairie.png 950w, https:\/\/datalp.fr\/wp-content\/uploads\/2024\/05\/Mairie-300x200.png 300w, https:\/\/datalp.fr\/wp-content\/uploads\/2024\/05\/Mairie-768x511.png 768w\" sizes=\"(max-width: 950px) 100vw, 950px\" \/><\/figure>\n\n\n\n<p><\/p>\n\n\n\n<h2 class=\"wp-block-heading has-text-align-center has-medium-font-size\"><strong>Cybers\u00e9curit\u00e9<\/strong><\/h2>\n\n\n\n<h2 class=\"wp-block-heading has-text-align-center has-medium-font-size\"><strong>Conception et \u00e9volution des infrastructures<\/strong><\/h2>\n\n\n\n<h2 class=\"wp-block-heading has-text-align-center has-medium-font-size\"><strong>Int\u00e9gration cloud et suivi des licences<\/strong><\/h2>\n\n\n\n<h2 class=\"wp-block-heading has-text-align-center has-medium-font-size\"><strong>Surveillance et administration des r\u00e9seau<\/strong><\/h2>\n\n\n\n<h2 class=\"wp-block-heading has-text-align-center has-medium-font-size\"><strong>Support \u00e0 distance et hot-line<\/strong><\/h2>\n\n\n\n<h2 class=\"wp-block-heading has-text-align-center has-black-color has-text-color has-link-color has-medium-font-size wp-elements-b6fd12fe2b42e54e029becefe34eee1e\"><strong>Intervention sur sites et d\u00e9pannages<\/strong><\/h2>\n\n\n\n<h2 class=\"wp-block-heading has-text-align-center has-black-color has-text-color has-link-color has-medium-font-size wp-elements-fc745b3146d65c73ada3ccbb8b12a996\"><strong>Gestion du parc mobile<\/strong><\/h2>\n\n\n\n<h2 class=\"wp-block-heading has-text-align-center has-medium-font-size\"><strong>Stockage et sauvegardes<\/strong><\/h2>\n\n\n\n<h2 class=\"wp-block-heading has-text-align-center has-medium-font-size\"><strong>Reprise apr\u00e8s d\u00e9satre PCA\/PRA<\/strong><\/h2>\n\n\n\n<h2 class=\"wp-block-heading has-text-align-center has-black-color has-text-color has-link-color has-medium-font-size wp-elements-6e606fe3e8a68938afe350a65a409b72\"><strong>Service de gouvernance (assistance)<\/strong><\/h2>\n\n\n\n<h2 class=\"wp-block-heading has-text-align-center has-black-color has-text-color has-link-color has-medium-font-size wp-elements-5be41f14492d6a248d7fb65948852402\"><strong>D\u00e9veloppement sur mesure<\/strong><\/h2>\n\n\n\n<p><\/p>\n\n\n\n<h2 class=\"wp-block-heading has-text-align-center\"><\/h2>\n\n\n\n<div class=\"wp-block-cover\"><span aria-hidden=\"true\" class=\"wp-block-cover__background has-background-dim\"><\/span><img decoding=\"async\" width=\"300\" height=\"200\" class=\"wp-block-cover__image-background wp-image-205\" alt=\"\" src=\"https:\/\/datalp.fr\/wp-content\/uploads\/2024\/05\/shutterstock_597936011-Web-300x200-1.jpg\" data-object-fit=\"cover\"\/><div class=\"wp-block-cover__inner-container is-layout-flow wp-block-cover-is-layout-flow\">\n<p class=\"has-text-align-center has-large-font-size\">Entreprises<\/p>\n<\/div><\/div>\n","protected":false},"excerpt":{"rendered":"<p>Cybers\u00e9curit\u00e9 Conception et \u00e9volution des infrastructures Int\u00e9gration cloud et suivi des licences Surveillance et administration des r\u00e9seau Support \u00e0 distance et hot-line Intervention sur sites et d\u00e9pannages Gestion du parc mobile Stockage et sauvegardes Reprise apr\u00e8s d\u00e9satre PCA\/PRA Service de gouvernance (assistance) D\u00e9veloppement sur mesure<\/p>\n","protected":false},"author":2,"featured_media":0,"parent":0,"menu_order":0,"comment_status":"closed","ping_status":"closed","template":"","meta":{"footnotes":""},"class_list":["post-28","page","type-page","status-publish","hentry"],"_links":{"self":[{"href":"https:\/\/datalp.fr\/index.php\/wp-json\/wp\/v2\/pages\/28","targetHints":{"allow":["GET"]}}],"collection":[{"href":"https:\/\/datalp.fr\/index.php\/wp-json\/wp\/v2\/pages"}],"about":[{"href":"https:\/\/datalp.fr\/index.php\/wp-json\/wp\/v2\/types\/page"}],"author":[{"embeddable":true,"href":"https:\/\/datalp.fr\/index.php\/wp-json\/wp\/v2\/users\/2"}],"replies":[{"embeddable":true,"href":"https:\/\/datalp.fr\/index.php\/wp-json\/wp\/v2\/comments?post=28"}],"version-history":[{"count":23,"href":"https:\/\/datalp.fr\/index.php\/wp-json\/wp\/v2\/pages\/28\/revisions"}],"predecessor-version":[{"id":262,"href":"https:\/\/datalp.fr\/index.php\/wp-json\/wp\/v2\/pages\/28\/revisions\/262"}],"wp:attachment":[{"href":"https:\/\/datalp.fr\/index.php\/wp-json\/wp\/v2\/media?parent=28"}],"curies":[{"name":"wp","href":"https:\/\/api.w.org\/{rel}","templated":true}]}}