{"id":281,"date":"2024-05-12T17:32:08","date_gmt":"2024-05-12T15:32:08","guid":{"rendered":"https:\/\/datalp.fr\/?page_id=281"},"modified":"2024-05-13T06:49:00","modified_gmt":"2024-05-13T04:49:00","slug":"audit-des-systemes-dinformation","status":"publish","type":"page","link":"https:\/\/datalp.fr\/index.php\/audit-des-systemes-dinformation\/","title":{"rendered":"Audit des Syst\u00e8mes d\u2019Information"},"content":{"rendered":"\n<figure class=\"wp-block-image size-large\"><img fetchpriority=\"high\" decoding=\"async\" width=\"1024\" height=\"683\" src=\"https:\/\/datalp.fr\/wp-content\/uploads\/2024\/05\/shutterstock_590291639-1024x683.jpg\" alt=\"\" class=\"wp-image-282\" srcset=\"https:\/\/datalp.fr\/wp-content\/uploads\/2024\/05\/shutterstock_590291639-1024x683.jpg 1024w, https:\/\/datalp.fr\/wp-content\/uploads\/2024\/05\/shutterstock_590291639-300x200.jpg 300w, https:\/\/datalp.fr\/wp-content\/uploads\/2024\/05\/shutterstock_590291639-768x512.jpg 768w, https:\/\/datalp.fr\/wp-content\/uploads\/2024\/05\/shutterstock_590291639-1536x1024.jpg 1536w, https:\/\/datalp.fr\/wp-content\/uploads\/2024\/05\/shutterstock_590291639-2048x1365.jpg 2048w\" sizes=\"(max-width: 1024px) 100vw, 1024px\" \/><\/figure>\n\n\n\n<p><\/p>\n\n\n\n<p>Soucieuse de la qualit\u00e9 de ses logiciels et services, DATALP travaille sur la base des tr\u00e8s exigeantes certifications ISO 9001 et ISO 27001, preuve entre autres, de la volont\u00e9 qui est la sienne de r\u00e9pondre toujours mieux aux besoins et attentes de sa client\u00e8le, tant en termes de qualit\u00e9 que de s\u00e9curit\u00e9.<\/p>\n\n\n\n<p>DATALP&nbsp;propose des missions d\u2019audits techniques des syst\u00e8mes informatiques r\u00e9alis\u00e9s par ses collaborateurs, tous confirm\u00e9s dans les diff\u00e9rentes technologies du march\u00e9.<\/p>\n\n\n\n<p>Leurs principales qualit\u00e9s sont la curiosit\u00e9, l\u2019int\u00e9grit\u00e9 et bien s\u00fbr de fortes capacit\u00e9s d\u2019analyse et de synth\u00e8se.<\/p>\n\n\n\n<p>\u200bEn tant qu\u2019\u00e9diteur de logiciels et sp\u00e9cialiste des infrastructures,&nbsp;DATALP&nbsp;est particuli\u00e8rement consciente que la gestion efficace des syst\u00e8mes d\u2019information est essentielle pour la bonne marche d\u2019une entreprise.<\/p>\n\n\n\n<p>Il est donc indispensable de g\u00e9rer les risques li\u00e9s au syst\u00e8me d\u2019information de l\u2019entreprise.<\/p>\n\n\n\n<p>Pour en savoir plus,&nbsp;<a href=\"https:\/\/app.smartsheet.com\/b\/form\/9a94a6910fac43169de4e0a447f8946c\" target=\"_blank\" rel=\"noreferrer noopener\">demandez notre&nbsp;<\/a><a href=\"https:\/\/app.smartsheet.com\/b\/form\/9a94a6910fac43169de4e0a447f8946c\" target=\"_blank\" rel=\"noreferrer noopener\">catalogue produits<\/a><\/p>\n","protected":false},"excerpt":{"rendered":"<p>Soucieuse de la qualit\u00e9 de ses logiciels et services, DATALP travaille sur la base des tr\u00e8s exigeantes certifications ISO 9001 et ISO 27001, preuve entre autres, de la volont\u00e9 qui est la sienne de r\u00e9pondre toujours mieux aux besoins et attentes de sa client\u00e8le, tant en termes de qualit\u00e9 que de s\u00e9curit\u00e9. DATALP&nbsp;propose des missions [&hellip;]<\/p>\n","protected":false},"author":2,"featured_media":0,"parent":0,"menu_order":0,"comment_status":"closed","ping_status":"closed","template":"","meta":{"footnotes":""},"class_list":["post-281","page","type-page","status-publish","hentry"],"_links":{"self":[{"href":"https:\/\/datalp.fr\/index.php\/wp-json\/wp\/v2\/pages\/281","targetHints":{"allow":["GET"]}}],"collection":[{"href":"https:\/\/datalp.fr\/index.php\/wp-json\/wp\/v2\/pages"}],"about":[{"href":"https:\/\/datalp.fr\/index.php\/wp-json\/wp\/v2\/types\/page"}],"author":[{"embeddable":true,"href":"https:\/\/datalp.fr\/index.php\/wp-json\/wp\/v2\/users\/2"}],"replies":[{"embeddable":true,"href":"https:\/\/datalp.fr\/index.php\/wp-json\/wp\/v2\/comments?post=281"}],"version-history":[{"count":3,"href":"https:\/\/datalp.fr\/index.php\/wp-json\/wp\/v2\/pages\/281\/revisions"}],"predecessor-version":[{"id":443,"href":"https:\/\/datalp.fr\/index.php\/wp-json\/wp\/v2\/pages\/281\/revisions\/443"}],"wp:attachment":[{"href":"https:\/\/datalp.fr\/index.php\/wp-json\/wp\/v2\/media?parent=281"}],"curies":[{"name":"wp","href":"https:\/\/api.w.org\/{rel}","templated":true}]}}