{"id":519,"date":"2025-01-14T14:54:00","date_gmt":"2025-01-14T13:54:00","guid":{"rendered":"https:\/\/datalp.fr\/?page_id=519"},"modified":"2025-02-21T13:11:40","modified_gmt":"2025-02-21T12:11:40","slug":"politique-de-confidentialite-2","status":"publish","type":"page","link":"https:\/\/datalp.fr\/index.php\/politique-de-confidentialite-2\/","title":{"rendered":"Politique de confidentialit\u00e9"},"content":{"rendered":"\n<h2 class=\"wp-block-heading\">Pour les visiteurs du site<\/h2>\n\n\n\n<p>La politique de protection des donn\u00e9es personnelles de DATALP s&rsquo;engage \u00e0 prot\u00e9ger la confidentialit\u00e9 et la s\u00e9curit\u00e9 des informations personnelles de nos utilisateurs. Cette politique explique comment nous traitons les informations que vous nous fournissez lorsque vous utilisez notre site Web. Elle est conforme au R\u00e8glement G\u00e9n\u00e9ral sur la Protection des Donn\u00e9es (RGPD) de l&rsquo;Union Europ\u00e9enne.<\/p>\n\n\n\n<ol start=\"2\" class=\"wp-block-list\">\n<li>Collecte des informations<\/li>\n<\/ol>\n\n\n\n<p>Conform\u00e9ment \u00e0 notre engagement de non-archivage, notre site Web est con\u00e7u de mani\u00e8re \u00e0 ne collecter aucune donn\u00e9e personnelle de votre part, \u00e0 moins que vous ne choisissiez de nous les fournir explicitement.<\/p>\n\n\n\n<ol start=\"3\" class=\"wp-block-list\">\n<li>Utilisation des informations<\/li>\n<\/ol>\n\n\n\n<p>Comme nous ne collectons pas de donn\u00e9es personnelles, nous ne les utilisons donc pas \u00e0 des fins de marketing, de vente ou tout autre usage commercial.<\/p>\n\n\n\n<ol start=\"4\" class=\"wp-block-list\">\n<li>Partage des informations<\/li>\n<\/ol>\n\n\n\n<p>Puisque nous ne collectons pas vos informations personnelles, nous ne partageons pas non plus de telles informations avec des tiers.<\/p>\n\n\n\n<ol start=\"5\" class=\"wp-block-list\">\n<li>S\u00e9curit\u00e9 des informations<\/li>\n<\/ol>\n\n\n\n<p>Bien que nous ne collectons pas de donn\u00e9es personnelles, nous avons mis en place des mesures de s\u00e9curit\u00e9 pour prot\u00e9ger contre la perte, l&rsquo;abus et l&rsquo;alt\u00e9ration des informations sous notre contr\u00f4le.<\/p>\n\n\n\n<ol start=\"6\" class=\"wp-block-list\">\n<li>Vos droits<\/li>\n<\/ol>\n\n\n\n<p>Vous avez le droit de demander l&rsquo;acc\u00e8s \u00e0 toute information personnelle que nous pourrions d\u00e9tenir \u00e0 votre sujet, m\u00eame si en pratique, nous ne d\u00e9tenons aucune donn\u00e9e personnelle. Vous avez \u00e9galement le droit de demander la correction de toute information inexacte, ou de demander que vos informations soient supprim\u00e9es.<\/p>\n\n\n\n<ol start=\"7\" class=\"wp-block-list\">\n<li>Modifications \u00e0 cette politique<\/li>\n<\/ol>\n\n\n\n<p>Nous nous r\u00e9servons le droit de modifier cette politique \u00e0 tout moment, donc veuillez la revoir fr\u00e9quemment. Les modifications et clarifications prendront effet imm\u00e9diatement apr\u00e8s leur publication sur le site Web.<\/p>\n\n\n\n<ol start=\"8\" class=\"wp-block-list\">\n<li>Contact<\/li>\n<\/ol>\n\n\n\n<p>Si vous avez des questions sur cette politique de confidentialit\u00e9, vous pouvez nous contacter \u00e0 [contact@datalp.com].<\/p>\n\n\n\n<p>En utilisant notre site Web, vous acceptez les termes de cette politique de protection des donn\u00e9es personnelles.<\/p>\n\n\n\n<p><\/p>\n\n\n\n<h2 class=\"wp-block-heading\">Pour nos clients<\/h2>\n\n\n\n<p>Politique de Protection des Donn\u00e9es Personnelles de nos clients<\/p>\n\n\n\n<ol class=\"wp-block-list\">\n<li>Introduction<\/li>\n<\/ol>\n\n\n\n<p>DATALP est d\u00e9termin\u00e9 \u00e0 prot\u00e9ger et \u00e0 respecter votre vie priv\u00e9e. Nous comprenons l&rsquo;importance de la protection des donn\u00e9es personnelles et nous nous engageons \u00e0 traiter ces donn\u00e9es en conformit\u00e9 avec la loi applicable en mati\u00e8re de protection des donn\u00e9es, y compris le R\u00e8glement G\u00e9n\u00e9ral sur la Protection des Donn\u00e9es (RGPD).<\/p>\n\n\n\n<ol start=\"2\" class=\"wp-block-list\">\n<li>Collecte des donn\u00e9es<\/li>\n<\/ol>\n\n\n\n<p>Nous collectons uniquement les donn\u00e9es personnelles n\u00e9cessaires \u00e0 la fourniture de nos services, qui peuvent inclure votre nom, votre adresse e-mail, votre num\u00e9ro de t\u00e9l\u00e9phone, votre adresse physique et d&rsquo;autres informations pertinentes. Nous ne collectons pas de donn\u00e9es sensibles sans votre consentement explicite.<\/p>\n\n\n\n<ol start=\"3\" class=\"wp-block-list\">\n<li>Utilisation des donn\u00e9es<\/li>\n<\/ol>\n\n\n\n<p>Nous utilisons vos donn\u00e9es personnelles uniquement pour les finalit\u00e9s pour lesquelles elles ont \u00e9t\u00e9 collect\u00e9es, y compris la fourniture de services, la communication avec vous, l&rsquo;am\u00e9lioration de nos services et le respect de nos obligations l\u00e9gales.<\/p>\n\n\n\n<ol start=\"4\" class=\"wp-block-list\">\n<li>Partage des donn\u00e9es<\/li>\n<\/ol>\n\n\n\n<p>Nous ne partageons pas vos donn\u00e9es personnelles avec des tiers sauf si cela est n\u00e9cessaire pour la fourniture de nos services ou si nous y sommes contraints par la loi. Nous veillons \u00e0 ce que tous les tiers respectent les m\u00eames normes de protection des donn\u00e9es que nous.<\/p>\n\n\n\n<ol start=\"5\" class=\"wp-block-list\">\n<li>S\u00e9curit\u00e9 des donn\u00e9es<\/li>\n<\/ol>\n\n\n\n<p>Nous avons mis en place des mesures techniques et organisationnelles appropri\u00e9es pour prot\u00e9ger vos donn\u00e9es personnelles contre la perte, l&rsquo;utilisation non autoris\u00e9e, l&rsquo;acc\u00e8s non autoris\u00e9, la divulgation non autoris\u00e9e, la modification ou la destruction.<\/p>\n\n\n\n<ol start=\"6\" class=\"wp-block-list\">\n<li>Acc\u00e8s, rectification et suppression des donn\u00e9es<\/li>\n<\/ol>\n\n\n\n<p>Vous avez le droit d&rsquo;acc\u00e9der \u00e0 vos donn\u00e9es personnelles, de les rectifier, de demander leur suppression, de limiter leur traitement, de vous opposer \u00e0 leur traitement et de demander leur portabilit\u00e9. Pour exercer ces droits, veuillez nous contacter \u00e0 l&rsquo;adresse fournie.<\/p>\n\n\n\n<ol start=\"7\" class=\"wp-block-list\">\n<li>Conservation des donn\u00e9es<\/li>\n<\/ol>\n\n\n\n<p>Nous conservons vos donn\u00e9es personnelles aussi longtemps que n\u00e9cessaire pour la fourniture de nos services et pour le respect de nos obligations l\u00e9gales.<\/p>\n\n\n\n<ol start=\"8\" class=\"wp-block-list\">\n<li>Modifications de cette politique<\/li>\n<\/ol>\n\n\n\n<p>Nous nous r\u00e9servons le droit de modifier cette politique de protection des donn\u00e9es personnelles \u00e0 tout moment. Nous vous informerons de toute modification importante.<\/p>\n\n\n\n<ol start=\"9\" class=\"wp-block-list\">\n<li>Contact<\/li>\n<\/ol>\n\n\n\n<p>Si vous avez des questions ou des pr\u00e9occupations concernant cette politique de protection des donn\u00e9es personnelles, veuillez nous contacter \u00e0 l&rsquo;adresse suivante : contact@datalp.com.<\/p>\n\n\n\n<p><\/p>\n","protected":false},"excerpt":{"rendered":"<p>Pour les visiteurs du site La politique de protection des donn\u00e9es personnelles de DATALP s&rsquo;engage \u00e0 prot\u00e9ger la confidentialit\u00e9 et la s\u00e9curit\u00e9 des informations personnelles de nos utilisateurs. Cette politique explique comment nous traitons les informations que vous nous fournissez lorsque vous utilisez notre site Web. Elle est conforme au R\u00e8glement G\u00e9n\u00e9ral sur la Protection [&hellip;]<\/p>\n","protected":false},"author":1,"featured_media":0,"parent":0,"menu_order":0,"comment_status":"closed","ping_status":"closed","template":"","meta":{"footnotes":""},"class_list":["post-519","page","type-page","status-publish","hentry"],"_links":{"self":[{"href":"https:\/\/datalp.fr\/index.php\/wp-json\/wp\/v2\/pages\/519","targetHints":{"allow":["GET"]}}],"collection":[{"href":"https:\/\/datalp.fr\/index.php\/wp-json\/wp\/v2\/pages"}],"about":[{"href":"https:\/\/datalp.fr\/index.php\/wp-json\/wp\/v2\/types\/page"}],"author":[{"embeddable":true,"href":"https:\/\/datalp.fr\/index.php\/wp-json\/wp\/v2\/users\/1"}],"replies":[{"embeddable":true,"href":"https:\/\/datalp.fr\/index.php\/wp-json\/wp\/v2\/comments?post=519"}],"version-history":[{"count":11,"href":"https:\/\/datalp.fr\/index.php\/wp-json\/wp\/v2\/pages\/519\/revisions"}],"predecessor-version":[{"id":534,"href":"https:\/\/datalp.fr\/index.php\/wp-json\/wp\/v2\/pages\/519\/revisions\/534"}],"wp:attachment":[{"href":"https:\/\/datalp.fr\/index.php\/wp-json\/wp\/v2\/media?parent=519"}],"curies":[{"name":"wp","href":"https:\/\/api.w.org\/{rel}","templated":true}]}}